at is g(s)?
-12
Let h(s) be the second derivative of s**5/20 - 7*s**4/12 + 5*s**3/6 + 10*s. Suppose -141*v + 756 = -138*v. Let i = v - 247. What is h(i)?
-25
Let f(l) = 2431*l**3 - 2432*l**3 + 8 - 6. Let j(n) = 11*n**3 + n**2 + n - 12. Let i(b) = 5*f(b) + j(b). What is i(1)?
6
Let y = 481 + -480. Let g(u) = -3*u - 5. Let w(i) = -i - 4. Let q(d) = y*g(d) - 2*w(d). What is q(7)?
-4
Let q(w) be the third derivative of w**5/60 - 5*w**4/24 + w**3/6 + 3*w**2. Let z be q(4). Let k(d) = 143 + 2*d - 67 - 77. What is k(z)?
-7
Let j(t) be the second derivative of -2*t**3/3 + 24*t**2 - 19*t + 13. Calculate j(14).
-8
Let h(k) = 65*k - 9. Let m(y) = -23*y + 3. Let v = 129 - 133. Let z(a) = v*h(a) - 11*m(a). What is z(2)?
-11
Let q be (-9)/(-5) - 46/(-230). Let g(w) = 0 + w**3 + 0 - 2*w. Give g(q).
4
Let b = 55 + -57. Let a(n) = n**2 + 2*n - 33. Let q be a(-8). Let t(m) = -118 - 4*m + q*m + 117. What is t(b)?
-23
Let o(y) = 101*y + 98*y - 300*y + 30 + 98*y. Determine o(9).
3
Let d(i) = 35*i + 6. Let s = -733 + 732. Determine d(s).
-29
Let j(a) be the second derivative of 100*a - 1/20*a**5 + 7/6*a**3 - 1/2*a**2 + 5/12*a**4 + 0. Calculate j(6).
5
Suppose 167 + 391 = -103*n - 60. Let i(m) = m**3 + 4*m**2 - 9*m - 3. What is i(n)?
-21
Let o(z) be the first derivative of -z**3/3 - 11*z**2/2 - 11*z + 1632. Let p be -12 + 3 + (-1 - 0). Determine o(p).
-1
Let s(n) = n. Suppose -3*f + 33 = 5*b, 2*f + 10 = 3*b - 6. Let t be (-39)/b*1 - (-5)/(-10). Give s(t).
-7
Let d(k) = -8*k - 1. Let u be d(-1). Let o(y) = -284 - y + 284. Let n(z) = 1. Let w(c) = 6*n(c) + o(c). Determine w(u).
-1
Let l(s) = 3*s + 7. Let r(j) = -2*j**2 + 86*j - 81. Let i be r(42). Suppose -2*h - 10 + 18 = -4*y, -32 = i*h + 5*y. Give l(h).
-5
Let m be 57/266*12/(-9) - (-166)/(-7). Let c(u) = -7*u - 167. Calculate c(m).
1
Suppose -283*j - 288 = -251*j. Let u(h) = -h**3 - 9*h**2 - 4*h - 33. Determine u(j).
3
Let c(v) = -1. Let b be (0 - -5)*(4 + 114/(-30)). Let l(w) = w - 11. Let r(n) = b*l(n) - 6*c(n). Determine r(5).
0
Let m(g) = -17*g**3 - 5*g**2 + 3*g + 17. Let n(y) = 8*y**3 - y**2 + 3*y + 2. Let t(i) = -m(i) - 2*n(i). Determine t(-8).
-13
Suppose -3*o + 88 = 67. Let j(r) = 44 + o*r - 12 - 15 - 17. Let p = 4 - 3. Give j(p).
7
Let q(k) = -5 - 9 - 3*k**2 + 2*k**2 + 15 - k**3 - k. Let x(l) = 2*l**3 + l**2 + l - 14. Let z(p) = -q(p) - x(p). Calculate z(0).
13
Let m = 213 + -53. Suppose 2*o = -3*o + m. Suppose 4*a = -3*u + 2*a + 20, 5*a = -3*u + o. Let x(y) = 2*y + 3. Calculate x(u).
11
Let t(b) = 9*b - 85. Let a(v) = -2*v + 17. Let i(l) = 5*a(l) + t(l). Suppose 3*g - 5 = 4. Suppose 3 = -g*q + 6*q. Determine i(q).
-1
Suppose 3*r = 21 - 3. Suppose -r*t = -12*t. Suppose -8*u + 6*u + 6 = t. Let q(c) = -c**3 + 4*c**2 + c - 4. Calculate q(u).
8
Let a(x) = -25*x - 147. Suppose i + 2*j - 11 = 0, 117*j = 4*i + 120*j - 4. What is a(i)?
-22
Suppose -66*q + 34 = -5*m - 62*q, -4*q + 26 = -m. Let j(x) = 10*x**2 + 1. Determine j(m).
41
Suppose 6*d - d - 18 = -4*p, -3*p - 9 = 0. Let s(q) = 62 - 2*q**2 - d*q**2 + q - 63. Let r be (1/2)/((-2)/(-4)). Give s(r).
-8
Let g(w) = -2*w**2 + 42*w - 41. Let s(a) = -a**2 - 6*a + 411. Let r be s(-23). Determine g(r).
-1
Let w(n) = 2*n**2 - 48*n + 53. Let i be w(23). Suppose 2*j + j + i = -z, 3*j - 3 = -3*z. Let k(m) = 3*m - 4*m - m - 2. What is k(j)?
6
Let s be 10/30 + 5/3. Let a(t) = -t**s - 18*t - 21*t + 10 + 32*t. Give a(-8).
2
Let d(x) = x**2 - 5*x - 2. Let g be d(6). Let p(j) be the second derivative of 7*j**3/6 + 5*j**2/2 + 10*j + 1111. Calculate p(g).
33
Let c(q) = 5*q + 144. Let n(i) = -i + 16. Let h(g) = -c(g) + 4*n(g). Determine h(-9).
1
Suppose -q + 7 = -4*w - 12, 4*w + 7 = -3*q. Suppose q*b + 4 = 10. Suppose 4*u - 1 = 2*u + g, 0 = -u + 2*g + b. Let n(j) = j - 7. Give n(u).
-7
Let v(p) = -p**3 + 6*p**2 - 4*p - 7. Let i(n) = 4*n - 18. Let z be (5 - -1) + 2/(-2). Let m be i(z). Let o be (21/(-3))/(m - 3) + -2. Determine v(o).
-2
Suppose 104*s - 103*s = -345. Let k = s + 341. Let t(d) be the third derivative of d**6/120 + d**5/12 + d**4/4 + d**3/6 + d**2. Give t(k).
-7
Let a(i) = i**2 + i + 4. Let m = -31 + 23. Let c(b) = 6*b + 51. Let r be c(m). Suppose -g = r*g. What is a(g)?
4
Let h(w) = -w + 6. Let t(n) be the first derivative of -n**3/3 - 27*n**2/2 - 162*n - 161. Let i be t(-10). Calculate h(i).
-2
Suppose 0 = -7*z - 1405 + 4058. Let d = z - 377. Let u(x) = 3*x**3 + x**2 - x - 1. Calculate u(d).
25
Let t = 1146 + -1153. Let m(c) = -c**3 - 8*c**2 - 6*c + 3. Calculate m(t).
-4
Let p(q) be the first derivative of -18 - 4*q + 1/2*q**2. Give p(0).
-4
Let t(x) be the third derivative of x**7/840 + x**6/45 - 5*x**4/24 + 13*x**3/6 + 46*x**2. Let s(f) be the first derivative of t(f). Calculate s(-8).
-5
Suppose 118 = 10*m + 188. Let i(u) = -10 + 5*u**3 - 4*u**3 + 8*u**2 + 13*u - 7*u. Determine i(m).
-3
Let o(m) = -m**3 - 48*m**2 - 50*m - 143. Let x be o(-47). Let c(k) = -k**3 + 2*k**2 - 3. What is c(x)?
13
Suppose 5*h - 7*h = 8. Let i(z) = -22*z**2 - 3*z - 13. Let m(d) = -22*d**2 - 4*d - 16. Let w(q) = h*m(q) + 5*i(q). What is w(1)?
-22
Let b(m) = m**3 + 2*m**2 + m + 4. Let u be (-5)/(-2) - (-7)/14. Let v be u/(-9)*(6 - 0). Let k be (10 - 8)*3/v. What is b(k)?
-8
Suppose 0 = 40*o - 46*o. Let c(n) = -n + 5*n + o*n - 37 + 28. Give c(6).
15
Let z(s) be the first derivative of -s**3/3 - 5*s**2 - 6*s - 1. Suppose m = -5*t + 21, m + 9 = 24*t - 19*t. Let l be 25/((-675)/198) + (-4)/m. Give z(l).
10
Let k(r) = -7*r**3 + 4*r**2 + 3*r - 8. Let y be (-2)/(-8 - -7) - (6 + -6). Determine k(y).
-42
Suppose -484 = 4*c - 496. Let g(a) = 9*a - 44*a**2 + 0*a**3 - 9 + 35*a**2 + a**c. Determine g(8).
-1
Let i be 2/(0 + (-2)/(-1)). Suppose 884 = 22*m - 5*m. Let w(k) = 115*k**2 + 1 - 51*k**2 - m*k**2. What is w(i)?
13
Let i(m) = -m**2 - 4*m + 181. Let l be i(-13). Suppose l = 21*w - 5*w. Let j(h) = h**3 - 2*h**2 - 2*h - 1. Determine j(w).
23
Let n(g) = -415*g - 14. Let s(z) = -147*z - 5. Let f(c) = -6*n(c) + 17*s(c). Determine f(-2).
17
Let b = -629 + 631. Let p(m) = 5 + 2 + 7*m + m**2 - 5 + b. Let g be (-38)/5 - 6/15. What is p(g)?
12
Let l = -88 + 97. Let z(y) be the second derivative of y**5/20 - 3*y**4/4 - 3*y**2 + 79*y. Calculate z(l).
-6
Let r(i) = 2*i - 7. Let l(q) = 71 + 4 - 8*q + 32*q - 19*q. Let s be l(-15). Determine r(s).
-7
Let w be (-2 - -3)/((-2)/12). Let x be (-2)/(-3) - w/(-9). Let y(j) = -3. Let g(p) = p + 14. Let u(z) = -g(z) - 3*y(z). Give u(x).
-5
Suppose 190 = 10*c + 9*c. Let x be (c/4 + (-2)/2)*2. Let m(h) = 2*h**2 - 3*h - 3. Determine m(x).
6
Let h(s) = -s**2 - 5*s. Let q be (1/(-2))/(6/(-552)). Suppose 5*d - 231 = -26. Let g = d - q. What is h(g)?
0
Let q(u) be the third derivative of -u**5/60 + 5*u**4/12 - 2*u**3/3 + 5*u**2 + 3. Let d(r) = -r**3 - 9*r**2 - 15*r + 2. Let x be d(-7). Determine q(x).
5
Let a(o) = -25*o**3. Let g be 14 + -18 + (-35 - -1). Let c(v) = -2*v**2 - 77*v - 39. Let b be c(g). What is a(b)?
25
Let u be (-10)/(5 + (-108)/20). Suppose 5*s + h = -4*h + u, 2*s = 5*h + 38. Suppose -s = -3*o, -19 - 9 = 4*x - 4*o. Let q(k) = -k - 5. Calculate q(x).
-1
Let c(w) = 8*w**2 + 3*w + 10. Let q be c(-2). Let k be 0/(-3) + -2 + -2. Let v be (q/(-9))/((-2)/k). Let j(m) = 2*m. Give j(v).
-16
Let v(w) = 10*w + 12. Suppose -8*a = -11*a + 5*n + 33, 5*n = 5*a - 45. Calculate v(a).
72
Let i(t) be the second derivative of 3*t**5/20 + 5*t**4/12 + 7*t**3/6 + t**2 + 2123*t. What is i(-2)?
-16
Let y(i) = -9 - 66*i**2 + 1818*i**3 + 67*i - 31 - 1820*i**3. Give y(-34).
-6
Let d(o) be the third derivative of o**6/120 + o**5/10 + 5*o**4/12 - 2*o**2 + 248*o. Determine d(-3).
-3
Suppose -4*w - 3*a + 8 = 0, -w + 5*a - 4 = -3*w. Let y(u) = u + 3*u + 197*u**w - 196*u**2. Let j be 1*(-7 - -2) + 2. Determine y(j).
-3
Let s(z) = z**2 - 20*z + 39. Let q(w) = -78*w + 636. Let l be q(8). What is s(l)?
-57
Let n(t) = 3*t**2 + 2*t. Let a(r) = -11*r**2 - 6*r + 1. Let q(g) = 4*a(g) + 14*n(g). Let j be 0*2/4 + 4. Calculate q(j).
-12
Let i be (196/(-168))/((-91)/351). Let n(b) be the second derivative of i*b**2 - 1/12*b**4 - 7*b + 0 + b**3. What is n(8)?
-7
Let x(u) = -3*u**3 - 2*u**2 + u + 2. Let s = 40 - 38. Suppose -23 = 3*n + n + 5*y, -2 = -s*y. Let r(m) = 3*m + 19. Let p be r(n). Determine x(p).
16
Let h(p) = 0 - 4*p - 4 - 2*p**2 + 7*p + 2 + p**3. Suppose -y - 12 + 4 = -5*g, -4 = -2*g. Calcula